{"id":1770,"date":"2025-10-22T16:55:03","date_gmt":"2025-10-22T16:55:03","guid":{"rendered":"https:\/\/evolu-bianca-and-co.com\/?page_id=1770"},"modified":"2025-12-20T20:23:35","modified_gmt":"2025-12-20T20:23:35","slug":"definition-bienfaits","status":"publish","type":"page","link":"https:\/\/evolu-bianca-and-co.com\/?page_id=1770","title":{"rendered":"D\u00e9finition"},"content":{"rendered":"<p class=\"has-foreground-color has-text-color has-link-color has-medium-font-size wp-elements-b7f747fe461e4cf5e3a53ea77639c5f6 plover-entrance-animated plover-invisible\" data-entrance-animation=\"fadeInUp\">Il s&rsquo;agit d&rsquo;un&nbsp;<strong>accompagnement th&eacute;rapeutique de groupe<\/strong>, comparable &agrave; une&nbsp;<strong>immense pi&egrave;ce de th&eacute;&acirc;tre<\/strong>. Cette approche permet de&nbsp;<strong>mettre en lumi&egrave;re les liens relationnels parfois inconscients<\/strong>&nbsp;: loyaut&eacute;s, blocages, blessures ou sch&eacute;mas transmis de g&eacute;n&eacute;ration en g&eacute;n&eacute;ration.<\/p>\n\n\n<p class=\"has-foreground-color has-text-color has-link-color has-medium-font-size wp-elements-bc388019de86c0428d5c9eaa43730c14 plover-entrance-animated plover-invisible\" data-entrance-animation=\"fadeInUp\">En combinant cette m&eacute;thode avec&nbsp;<strong>l&rsquo;apport des chevaux et des &acirc;nes<\/strong>, elle rend&nbsp;<strong>visible et concr&egrave;te ce qui est souvent invisible<\/strong>. Tr&egrave;s sensibles &agrave; l&rsquo;&eacute;nergie et aux &eacute;motions humaines, ces animaux r&eacute;agissent spontan&eacute;ment aux non-dits et aux blocages en rendant visible les incongruences. Cette approche offre un&nbsp;<strong>chemin vers la r&eacute;conciliation avec notre histoire<\/strong>, qu&rsquo;elle soit pass&eacute;e ou pr&eacute;sente, en favorisant la compr&eacute;hension, l&rsquo;apaisement et la lib&eacute;ration des tensions.<\/p>\n\n\n<p class=\"has-foreground-color has-text-color has-link-color has-medium-font-size wp-elements-45c68f81c86b68ce2abbba13796db282 plover-entrance-animated plover-invisible\" data-entrance-animation=\"fadeInUp\">Une constellation permet de&nbsp;<strong>questionner n&rsquo;importe quel aspect de sa vie<\/strong>&nbsp;: la famille, une maladie, un animal, un secret, une personne d&eacute;c&eacute;d&eacute;e, etc. Chaque difficult&eacute; rencontr&eacute;e s&rsquo;inscrit dans un&nbsp;<strong>contexte plus vaste<\/strong>, appartenant n&eacute;cessairement &agrave; un&nbsp;<strong>syst&egrave;me<\/strong>. La famille en est un exemple, mais il en existe d&rsquo;autres, comme le&nbsp;<strong>travail, le corps<\/strong>, ou d&rsquo;autres sph&egrave;res de votre vie.<\/p>\n\n\n<p class=\"has-foreground-color has-text-color has-link-color has-medium-font-size wp-elements-1e5155d4966b970c05af85833c72c9e5 plover-entrance-animated plover-invisible\" data-entrance-animation=\"fadeInUp\">Participer &agrave; une constellation, c&rsquo;est&nbsp;<strong>se connecter &agrave; quelque chose de plus grand<\/strong>, de l&rsquo;ordre des&nbsp;<strong>&eacute;nergies subtiles<\/strong>&nbsp;qui traversent et relient ces syst&egrave;mes. Cela en fait un outil extr&ecirc;mement puissant et surprenant.<\/p>\n\n\n<h2 class=\"wp-block-heading\" id=\"bienfaits\">Bienfaits <\/h2>\n\n\n\n<p class=\"has-foreground-color has-text-color has-link-color has-medium-font-size wp-elements-2cc6b663cdf91ddcbf45141cc37ba842\">Ils sont diff\u00e9rents en fonction des r\u00f4les que vous interpr\u00e9tez :<\/p>\n\n\n<ul class=\"wp-block-list\" style=\"\">\n<li class=\"has-foreground-color has-text-color has-link-color has-medium-font-size wp-elements-e0279c6695669869b0865a998c7dce8a\">Pour le<strong> constell&eacute;<\/strong> :<ul class=\"wp-block-list\" style=\"\">\n<li class=\"has-foreground-color has-text-color has-link-color wp-elements-d5e0d899982f5cdf94b9c7612bd1a12e\">Une&nbsp;<strong>prise de&nbsp;<\/strong><strong>conscience<\/strong>&nbsp;des sch&eacute;mas,&nbsp;<\/li>\n\n\n\n<li class=\"has-foreground-color has-text-color has-link-color wp-elements-b338dfc4e14897f2115e379fcc1742ab\">Une&nbsp;<strong>lib&eacute;ration &eacute;motionnelle<\/strong>&nbsp;favorisant la gu&eacute;rison&nbsp;<\/li>\n\n\n\n<li class=\"has-foreground-color has-text-color has-link-color wp-elements-83da39f8cad95b38dc6e8938d921c014\">D&rsquo;identifier&nbsp;les pistes pour&nbsp;<strong>sortir des impasses<\/strong>&nbsp;que vous pouviez penser infranchissables<\/li>\n<\/ul>\n<\/li>\n<\/ul>\n\n\n<ul class=\"wp-block-list\" style=\"\">\n<li class=\"has-foreground-color has-text-color has-link-color has-medium-font-size wp-elements-bfd4ac8b1ff4904e2e8c572bb6aa08dc\">Pour le <strong>repr&eacute;sentant<\/strong> :<ul class=\"wp-block-list\" style=\"\">\n<li class=\"has-foreground-color has-text-color has-link-color has-medium-font-size wp-elements-eae1a8501f83b692940da7e363965ebc\">Vous vous&nbsp;<strong>d&eacute;livrez&nbsp;<\/strong>de vos propres &eacute;motions r&eacute;prim&eacute;es gr&acirc;ce &agrave; cette lib&eacute;ration &eacute;motionnelle que vous vivez pour l&rsquo;autre<\/li>\n\n\n\n<li class=\"has-foreground-color has-text-color has-link-color wp-elements-13756435c109e23166546066bd197f81\">Vous&nbsp;<strong>enrichissez&nbsp;<\/strong>votre compr&eacute;hension de vous-m&ecirc;me et des autres gr&acirc;ce &agrave; cette exp&eacute;rience empathique<\/li>\n\n\n\n<li class=\"has-foreground-color has-text-color has-link-color wp-elements-d3babc0a323c5c368e421200aa5f0320\">Vous entamez une&nbsp;<strong>r&eacute;flexion personnelle<\/strong>&nbsp;sur vos propres &eacute;motions et relations gr&acirc;ce &agrave; la r&eacute;v&eacute;lation de vos sch&eacute;mas. Ce n&rsquo;est pas un hasard le r&ocirc;le qui vous sera assign&eacute;.<\/li>\n<\/ul>\n<\/li>\n<\/ul>\n\n\n\n<p class=\"has-foreground-color has-text-color has-link-color has-medium-font-size wp-elements-c756830b6a0fb678d80b896ec6cf16e1\">Si les constellations vous semblent impressionnantes, choisir d\u2019y participer en tant que repr\u00e9sentant sera un moyen de venir rencontrer l\u2019exp\u00e9rience plus en douceur et de mani\u00e8re moins intime.<\/p>\n\n\n\n<hr class=\"wp-block-separator has-alpha-channel-opacity\"\/>\n\n\n\n<div class=\"wp-block-columns is-layout-flex wp-container-core-columns-is-layout-28f84493 wp-block-columns-is-layout-flex\">\n<div class=\"wp-block-column is-layout-flow wp-block-column-is-layout-flow\">\n<div class=\"wp-block-buttons is-layout-flex wp-block-buttons-is-layout-flex\"><div class=\"wp-block-button has-custom-width wp-block-button__width-100 plover-entrance-animated plover-invisible\" data-entrance-animation=\"fadeInUp\"><a class=\"wp-block-button__link has-foreground-color has-lightgrey-background-color has-text-color has-background has-link-color has-medium-font-size has-custom-font-size wp-element-button\" href=\"https:\/\/evolu-bianca-and-co.com\/?page_id=332\">Retour &#8211; Constellation<\/a><\/div>\n<\/div>\n<\/div>\n\n\n\n<div class=\"wp-block-column is-layout-flow wp-block-column-is-layout-flow\">\n<div class=\"wp-block-buttons is-layout-flex wp-block-buttons-is-layout-flex\"><div class=\"wp-block-button has-custom-width wp-block-button__width-100 plover-entrance-animated plover-invisible\" data-entrance-animation=\"fadeInUp\"><a class=\"wp-block-button__link has-foreground-color has-lightgrey-background-color has-text-color has-background has-link-color has-medium-font-size has-custom-font-size wp-element-button\" href=\"https:\/\/evolu-bianca-and-co.com\/?page_id=1780\">Quelques mots d&rsquo;histoire<\/a><\/div>\n<\/div>\n<\/div>\n\n\n\n<div class=\"wp-block-column is-layout-flow wp-block-column-is-layout-flow\">\n<div class=\"wp-block-buttons is-layout-flex wp-block-buttons-is-layout-flex\"><div class=\"wp-block-button has-custom-width wp-block-button__width-100 plover-entrance-animated plover-invisible\" data-entrance-animation=\"fadeInUp\"><a class=\"wp-block-button__link has-foreground-color has-lightgrey-background-color has-text-color has-background has-link-color has-medium-font-size has-custom-font-size wp-element-button\" href=\"https:\/\/evolu-bianca-and-co.com\/?page_id=1755\">D&eacute;roulement<\/a><\/div>\n<\/div>\n<\/div>\n<\/div>\n\n\n\n<p><\/p>\n","protected":false},"excerpt":{"rendered":"<p>Il s&rsquo;agit d&rsquo;un&nbsp;accompagnement th&eacute;rapeutique de groupe, comparable &agrave; une&nbsp;immense pi&egrave;ce de th&eacute;&acirc;tre. Cette approche permet de&nbsp;mettre en lumi&egrave;re les liens relationnels parfois inconscients&nbsp;: loyaut&eacute;s, blocages, blessures ou sch&eacute;mas transmis de g&eacute;n&eacute;ration en g&eacute;n&eacute;ration. En combinant cette m&eacute;thode avec&nbsp;l&rsquo;apport des chevaux et des &acirc;nes, elle rend&nbsp;visible et concr&egrave;te ce qui est souvent invisible. Tr&egrave;s sensibles &agrave; &hellip; <\/p>\n<p class=\"link-more\"><a href=\"https:\/\/evolu-bianca-and-co.com\/?page_id=1770\" class=\"more-link\">Lire la suite de<span class=\"screen-reader-text\">\u00ab\u00a0D\u00e9finition\u00a0\u00bb<\/span><\/a><\/p>\n","protected":false},"author":1,"featured_media":1744,"parent":0,"menu_order":0,"comment_status":"closed","ping_status":"closed","template":"","meta":{"footnotes":""},"class_list":["post-1770","page","type-page","status-publish","has-post-thumbnail","hentry"],"_links":{"self":[{"href":"https:\/\/evolu-bianca-and-co.com\/index.php?rest_route=\/wp\/v2\/pages\/1770","targetHints":{"allow":["GET"]}}],"collection":[{"href":"https:\/\/evolu-bianca-and-co.com\/index.php?rest_route=\/wp\/v2\/pages"}],"about":[{"href":"https:\/\/evolu-bianca-and-co.com\/index.php?rest_route=\/wp\/v2\/types\/page"}],"author":[{"embeddable":true,"href":"https:\/\/evolu-bianca-and-co.com\/index.php?rest_route=\/wp\/v2\/users\/1"}],"replies":[{"embeddable":true,"href":"https:\/\/evolu-bianca-and-co.com\/index.php?rest_route=%2Fwp%2Fv2%2Fcomments&post=1770"}],"version-history":[{"count":5,"href":"https:\/\/evolu-bianca-and-co.com\/index.php?rest_route=\/wp\/v2\/pages\/1770\/revisions"}],"predecessor-version":[{"id":2220,"href":"https:\/\/evolu-bianca-and-co.com\/index.php?rest_route=\/wp\/v2\/pages\/1770\/revisions\/2220"}],"wp:featuredmedia":[{"embeddable":true,"href":"https:\/\/evolu-bianca-and-co.com\/index.php?rest_route=\/wp\/v2\/media\/1744"}],"wp:attachment":[{"href":"https:\/\/evolu-bianca-and-co.com\/index.php?rest_route=%2Fwp%2Fv2%2Fmedia&parent=1770"}],"curies":[{"name":"wp","href":"https:\/\/api.w.org\/{rel}","templated":true}]}}