{"id":1969,"date":"2025-10-23T13:49:55","date_gmt":"2025-10-23T13:49:55","guid":{"rendered":"https:\/\/evolu-bianca-and-co.com\/?page_id=1969"},"modified":"2025-11-26T22:10:33","modified_gmt":"2025-11-26T22:10:33","slug":"les-retraites","status":"publish","type":"page","link":"https:\/\/evolu-bianca-and-co.com\/?page_id=1969","title":{"rendered":"Les retraites"},"content":{"rendered":"\n<div class=\"wp-block-media-text is-stacked-on-mobile\"><figure class=\"wp-block-media-text__media\"><img loading=\"lazy\" decoding=\"async\" width=\"771\" height=\"1024\" src=\"http:\/\/evolu-bianca-and-co.com\/wp-content\/uploads\/2025\/11\/1A7EF0E9-C6E5-4F65-901D-ADCD3F52F533-771x1024.jpeg\" alt=\"\" class=\"wp-image-2127 size-large\" srcset=\"https:\/\/evolu-bianca-and-co.com\/wp-content\/uploads\/2025\/11\/1A7EF0E9-C6E5-4F65-901D-ADCD3F52F533-771x1024.jpeg 771w, https:\/\/evolu-bianca-and-co.com\/wp-content\/uploads\/2025\/11\/1A7EF0E9-C6E5-4F65-901D-ADCD3F52F533-226x300.jpeg 226w, https:\/\/evolu-bianca-and-co.com\/wp-content\/uploads\/2025\/11\/1A7EF0E9-C6E5-4F65-901D-ADCD3F52F533-2000x2656.jpeg 2000w, https:\/\/evolu-bianca-and-co.com\/wp-content\/uploads\/2025\/11\/1A7EF0E9-C6E5-4F65-901D-ADCD3F52F533-scaled.jpeg 1928w\" sizes=\"auto, (max-width: 771px) 100vw, 771px\" \/><\/figure><div class=\"wp-block-media-text__content\"><h2 class=\"wp-block-heading has-text-align-center has-text-color has-link-color wp-elements-133c7632dd963e39c4313b1bf4ae0900\" style=\"color:#172889\" id=\"comme-un-brin-de-magie\">Comme un brin de magie<\/h2>\n\n\n\n<p class=\"has-text-align-center has-text-color has-link-color wp-elements-db09b9864b9a0dbaf83453208b39f9d9\" style=\"color:#172889;font-size:clamp(14.082px, 0.88rem + ((1vw - 3.2px) * 0.484), 21px);\">Viens rencontrer le Sahara lors d\u2019un <strong>trek<\/strong> au c\u0153ur du d\u00e9sert marocain.<br>Si ta t\u00eate bouillonne et que tu ne sais plus par o\u00f9 commencer, offre-toi cette parenth\u00e8se pour \u00e9couter \u00e0 nouveau ta petite voix int\u00e9rieure.<br>Une marche pour revenir \u00e0 soi, retrouver le sens, la joie\u2026 et c\u00e9l\u00e9brer la vie dans toute sa simplicit\u00e9.<\/p>\n\n\n\n<p class=\"has-text-align-center has-text-color has-link-color wp-elements-3330f6190245971638b59c7cf0883655\" style=\"color:#172889;font-size:clamp(14.082px, 0.88rem + ((1vw - 3.2px) * 0.484), 21px);\">Nous serons accueillis par <strong><a href=\"https:\/\/alchimiedudesert.com\/\">Alchimie du d\u00e9sert<\/a><\/strong> pour vivre une aventure avec le coeur.<\/p>\n\n\n\n<p class=\"has-text-align-right has-text-color has-link-color wp-elements-d3056aba409f0f1f5151263e66893345\" style=\"color:#172889;font-size:clamp(14.082px, 0.88rem + ((1vw - 3.2px) * 0.484), 21px);\">7 jours &#8211; 9 personnes &#8211; 1111 \u20ac*<br>Retraite spirituelle<\/p>\n\n\n\n<p class=\"has-text-align-right has-text-color has-link-color wp-elements-a645891c20d1a6206d3cdad730e046ae\" style=\"color:#172889;font-size:clamp(14.642px, 0.915rem + ((1vw - 3.2px) * 0.515), 22px);\">Date \u00e0 venir<\/p>\n\n\n\n<p class=\"has-text-color has-link-color wp-elements-c8fc29d25491c1e27e4cb5fc45a8b9eb\" style=\"color:#172889;font-size:clamp(14px, 0.875rem + ((1vw - 3.2px) * 0.21), 17px);\">*Tout compris sauf les billets d\u2019avion<\/p>\n<\/div><\/div>\n\n\n\n<hr class=\"wp-block-separator has-alpha-channel-opacity\"\/>\n\n\n\n<div class=\"wp-block-columns is-layout-flex wp-container-core-columns-is-layout-28f84493 wp-block-columns-is-layout-flex\">\n<div class=\"wp-block-column is-layout-flow wp-block-column-is-layout-flow\">\n<div class=\"wp-block-buttons is-layout-flex wp-block-buttons-is-layout-flex\"><div class=\"wp-block-button has-custom-width wp-block-button__width-100 plover-entrance-animated plover-invisible\" data-entrance-animation=\"fadeInUp\"><a class=\"wp-block-button__link has-secondary-background-color has-background has-medium-font-size has-custom-font-size wp-element-button\" href=\"https:\/\/evolu-bianca-and-co.com\/?page_id=166\">Les autres accompagnements<\/a><\/div>\n<\/div>\n<\/div>\n\n\n\n<div class=\"wp-block-column is-layout-flow wp-block-column-is-layout-flow\">\n<div class=\"wp-block-buttons is-layout-flex wp-block-buttons-is-layout-flex\"><div class=\"wp-block-button has-custom-width wp-block-button__width-100 plover-entrance-animated plover-invisible\" data-entrance-animation=\"fadeInUp\"><a class=\"wp-block-button__link has-secondary-background-color has-background has-medium-font-size has-custom-font-size wp-element-button\" href=\"https:\/\/evolu-bianca-and-co.com\/?page_id=1966\">Les ateliers<\/a><\/div>\n<\/div>\n<\/div>\n\n\n\n<div class=\"wp-block-column is-layout-flow wp-block-column-is-layout-flow\">\n<div class=\"wp-block-buttons is-layout-flex wp-block-buttons-is-layout-flex\"><div class=\"wp-block-button has-custom-width wp-block-button__width-100 plover-entrance-animated plover-invisible\" data-entrance-animation=\"fadeInUp\"><a class=\"wp-block-button__link has-secondary-background-color has-background has-medium-font-size has-custom-font-size wp-element-button\" href=\"https:\/\/evolu-bianca-and-co.com\/?page_id=27\">Renseignements &#8211; Contact<\/a><\/div>\n<\/div>\n<\/div>\n<\/div>\n\n\n\n<p><\/p>\n","protected":false},"excerpt":{"rendered":"<p>Comme un brin de magie Viens rencontrer le Sahara lors d\u2019un trek au c\u0153ur du d\u00e9sert marocain.Si ta t\u00eate bouillonne et que tu ne sais plus par o\u00f9 commencer, offre-toi cette parenth\u00e8se pour \u00e9couter \u00e0 nouveau ta petite voix int\u00e9rieure.Une marche pour revenir \u00e0 soi, retrouver le sens, la joie\u2026 et c\u00e9l\u00e9brer la vie dans &hellip; <\/p>\n<p class=\"link-more\"><a href=\"https:\/\/evolu-bianca-and-co.com\/?page_id=1969\" class=\"more-link\">Lire la suite de<span class=\"screen-reader-text\">\u00ab\u00a0Les retraites\u00a0\u00bb<\/span><\/a><\/p>\n","protected":false},"author":1,"featured_media":0,"parent":0,"menu_order":0,"comment_status":"closed","ping_status":"closed","template":"","meta":{"footnotes":""},"class_list":["post-1969","page","type-page","status-publish","hentry"],"_links":{"self":[{"href":"https:\/\/evolu-bianca-and-co.com\/index.php?rest_route=\/wp\/v2\/pages\/1969","targetHints":{"allow":["GET"]}}],"collection":[{"href":"https:\/\/evolu-bianca-and-co.com\/index.php?rest_route=\/wp\/v2\/pages"}],"about":[{"href":"https:\/\/evolu-bianca-and-co.com\/index.php?rest_route=\/wp\/v2\/types\/page"}],"author":[{"embeddable":true,"href":"https:\/\/evolu-bianca-and-co.com\/index.php?rest_route=\/wp\/v2\/users\/1"}],"replies":[{"embeddable":true,"href":"https:\/\/evolu-bianca-and-co.com\/index.php?rest_route=%2Fwp%2Fv2%2Fcomments&post=1969"}],"version-history":[{"count":32,"href":"https:\/\/evolu-bianca-and-co.com\/index.php?rest_route=\/wp\/v2\/pages\/1969\/revisions"}],"predecessor-version":[{"id":2132,"href":"https:\/\/evolu-bianca-and-co.com\/index.php?rest_route=\/wp\/v2\/pages\/1969\/revisions\/2132"}],"wp:attachment":[{"href":"https:\/\/evolu-bianca-and-co.com\/index.php?rest_route=%2Fwp%2Fv2%2Fmedia&parent=1969"}],"curies":[{"name":"wp","href":"https:\/\/api.w.org\/{rel}","templated":true}]}}