{"id":414,"date":"2025-10-05T13:42:34","date_gmt":"2025-10-05T13:42:34","guid":{"rendered":"https:\/\/evolu-bianca-and-co.com\/?page_id=414"},"modified":"2025-11-27T15:43:43","modified_gmt":"2025-11-27T15:43:43","slug":"la-cavalerie","status":"publish","type":"page","link":"https:\/\/evolu-bianca-and-co.com\/?page_id=414","title":{"rendered":"Mon \u00e9quipe"},"content":{"rendered":"\n<p class=\"has-medium-font-size\"><\/p>\n\n\n\n<div class=\"wp-block-columns is-layout-flex wp-container-core-columns-is-layout-28f84493 wp-block-columns-is-layout-flex\">\n<div class=\"wp-block-column is-layout-flow wp-block-column-is-layout-flow\"><figure class=\"wp-block-image size-full is-style-rounded plover-entrance-animated plover-invisible\" data-entrance-animation=\"fadeInUp\"><img loading=\"lazy\" decoding=\"async\" width=\"2560\" height=\"2221\" src=\"http:\/\/evolu-bianca-and-co.com\/wp-content\/uploads\/2025\/10\/IMG_1267-3-scaled.jpeg\" alt=\"\" class=\"wp-image-449\" style=\"aspect-ratio:3\/2;object-fit:cover\" srcset=\"https:\/\/evolu-bianca-and-co.com\/wp-content\/uploads\/2025\/10\/IMG_1267-3-scaled.jpeg 2560w, https:\/\/evolu-bianca-and-co.com\/wp-content\/uploads\/2025\/10\/IMG_1267-3-300x260.jpeg 300w, https:\/\/evolu-bianca-and-co.com\/wp-content\/uploads\/2025\/10\/IMG_1267-3-1024x888.jpeg 1024w, https:\/\/evolu-bianca-and-co.com\/wp-content\/uploads\/2025\/10\/IMG_1267-3-2000x1735.jpeg 2000w\" sizes=\"auto, (max-width: 2560px) 100vw, 2560px\" \/><\/figure>\n\n\n\n<p class=\"has-text-align-center has-large-font-size\"><strong>Tino<\/strong><\/p>\n<\/div>\n\n\n\n<div class=\"wp-block-column is-layout-flow wp-block-column-is-layout-flow\"><figure class=\"wp-block-image size-large is-style-rounded plover-entrance-animated plover-invisible\" data-entrance-animation=\"fadeInUp\"><img loading=\"lazy\" decoding=\"async\" width=\"1024\" height=\"768\" src=\"http:\/\/evolu-bianca-and-co.com\/wp-content\/uploads\/2025\/11\/IMG_1263-2-1024x768.jpeg\" alt=\"\" class=\"wp-image-2143\" style=\"aspect-ratio:3\/2;object-fit:cover\" srcset=\"https:\/\/evolu-bianca-and-co.com\/wp-content\/uploads\/2025\/11\/IMG_1263-2-1024x768.jpeg 1024w, https:\/\/evolu-bianca-and-co.com\/wp-content\/uploads\/2025\/11\/IMG_1263-2-300x225.jpeg 300w, https:\/\/evolu-bianca-and-co.com\/wp-content\/uploads\/2025\/11\/IMG_1263-2-2000x1500.jpeg 2000w\" sizes=\"auto, (max-width: 1024px) 100vw, 1024px\" \/><\/figure>\n\n\n\n<p class=\"has-text-align-center has-foreground-color has-text-color has-link-color has-large-font-size wp-elements-7c53025791d21881fc6b1e915cfee581\"><strong>Olympe<\/strong><\/p>\n<\/div>\n<\/div>\n\n\n\n<div class=\"wp-block-columns is-layout-flex wp-container-core-columns-is-layout-28f84493 wp-block-columns-is-layout-flex\">\n<div class=\"wp-block-column is-layout-flow wp-block-column-is-layout-flow\"><\/div>\n\n\n\n<div class=\"wp-block-column is-layout-flow wp-block-column-is-layout-flow\"><\/div>\n<\/div>\n\n\n\n<div class=\"wp-block-columns is-layout-flex wp-container-core-columns-is-layout-28f84493 wp-block-columns-is-layout-flex\">\n<div class=\"wp-block-column is-layout-flow wp-block-column-is-layout-flow\"><figure class=\"wp-block-image size-large is-style-rounded plover-entrance-animated plover-invisible\" data-entrance-animation=\"fadeInUp\"><img loading=\"lazy\" decoding=\"async\" width=\"1024\" height=\"1019\" src=\"https:\/\/evolu-bianca-and-co.com\/wp-content\/uploads\/2025\/10\/IMG_1255-1024x1019.jpeg\" alt=\"\" class=\"wp-image-451\" style=\"aspect-ratio:3\/2;object-fit:cover\" srcset=\"https:\/\/evolu-bianca-and-co.com\/wp-content\/uploads\/2025\/10\/IMG_1255-1024x1019.jpeg 1024w, https:\/\/evolu-bianca-and-co.com\/wp-content\/uploads\/2025\/10\/IMG_1255-300x300.jpeg 300w, https:\/\/evolu-bianca-and-co.com\/wp-content\/uploads\/2025\/10\/IMG_1255-150x150.jpeg 150w, https:\/\/evolu-bianca-and-co.com\/wp-content\/uploads\/2025\/10\/IMG_1255-2000x1990.jpeg 2000w\" sizes=\"auto, (max-width: 1024px) 100vw, 1024px\" \/><\/figure>\n\n\n\n<p class=\"has-text-align-center has-foreground-color has-text-color has-link-color has-large-font-size wp-elements-1a51f91b6c34525daab071ad488a74c3\"><strong>Quimbaya<\/strong><\/p>\n<\/div>\n\n\n\n<div class=\"wp-block-column is-layout-flow wp-block-column-is-layout-flow\"><figure class=\"wp-block-image size-large is-style-rounded plover-entrance-animated plover-invisible\" data-entrance-animation=\"fadeInUp\"><img loading=\"lazy\" decoding=\"async\" width=\"1024\" height=\"768\" src=\"https:\/\/evolu-bianca-and-co.com\/wp-content\/uploads\/2025\/10\/IMG_1260-1024x768.jpeg\" alt=\"\" class=\"wp-image-452\" style=\"aspect-ratio:3\/2;object-fit:cover\" srcset=\"https:\/\/evolu-bianca-and-co.com\/wp-content\/uploads\/2025\/10\/IMG_1260-1024x768.jpeg 1024w, https:\/\/evolu-bianca-and-co.com\/wp-content\/uploads\/2025\/10\/IMG_1260-300x225.jpeg 300w, https:\/\/evolu-bianca-and-co.com\/wp-content\/uploads\/2025\/10\/IMG_1260-2000x1500.jpeg 2000w\" sizes=\"auto, (max-width: 1024px) 100vw, 1024px\" \/><\/figure>\n\n\n\n<p class=\"has-text-align-center has-foreground-color has-text-color has-link-color has-large-font-size wp-elements-1b5281bcc850ea7cbf6f36a4dcb4f06e\"><strong>Shataigne<\/strong><\/p>\n<\/div>\n<\/div>\n\n\n\n<hr class=\"wp-block-separator has-alpha-channel-opacity\"\/>\n\n\n\n<p class=\"has-text-align-center has-foreground-color has-text-color has-link-color has-medium-font-size wp-elements-d65f807fa4e1ee62eaef666543f576a6\">Ils sont \u00e0 la fois mes partenaires de travail et mes compagnons de vie, autant vous dire que nous nous connaissons plus que bien ! Peut-\u00eatre m\u00eame qu\u2019ils me connaissent mieux que je ne les connais moi-m\u00eame. Je pourrais passer des heures \u00e0 vous raconter leur histoire, les valeurs qu\u2019ils incarnent, leur personnalit\u00e9 unique\u2026 tant de choses qui font d\u2019eux ce qu\u2019ils sont.<br>Mais pour r\u00e9pondre \u00e0 vos besoins th\u00e9rapeutiques, ces histoires ne peuvent pas \u00eatre transmises ici. Il vous faudra venir les rencontrer et les d\u00e9couvrir \u00e0 travers vos propres yeux.<\/p>\n\n\n\n<hr class=\"wp-block-separator has-alpha-channel-opacity\"\/>\n\n\n\n<div class=\"wp-block-columns is-layout-flex wp-container-core-columns-is-layout-28f84493 wp-block-columns-is-layout-flex\">\n<div class=\"wp-block-column is-layout-flow wp-block-column-is-layout-flow\"><div style=\"aspect-ratio:auto;min-height:unset;\" class=\"wp-block-cover is-light has-aspect-ratio plover-entrance-animated plover-invisible\" data-entrance-animation=\"fadeInUp\">\n<img loading=\"lazy\" decoding=\"async\" width=\"1414\" height=\"2000\" class=\"wp-block-cover__image-background wp-image-2098 size-full\" alt=\"\" src=\"http:\/\/evolu-bianca-and-co.com\/wp-content\/uploads\/2025\/10\/IMG_1952.png\" data-object-fit=\"cover\" srcset=\"https:\/\/evolu-bianca-and-co.com\/wp-content\/uploads\/2025\/10\/IMG_1952.png 1414w, https:\/\/evolu-bianca-and-co.com\/wp-content\/uploads\/2025\/10\/IMG_1952-212x300.png 212w, https:\/\/evolu-bianca-and-co.com\/wp-content\/uploads\/2025\/10\/IMG_1952-724x1024.png 724w\" sizes=\"auto, (max-width: 1414px) 100vw, 1414px\" \/><span aria-hidden=\"true\" class=\"wp-block-cover__background has-background-dim-0 has-background-dim\" style=\"background-color:#fee2b2\"><\/span><div class=\"wp-block-cover__inner-container has-global-padding is-layout-constrained wp-container-core-cover-is-layout-037d0bdd wp-block-cover-is-layout-constrained\">\n<p class=\"has-text-align-center has-foreground-color has-text-color has-link-color wp-elements-d84b1f9a3a8247680f5b90821ff08006\" style=\"font-size:clamp(18.959px, 1.185rem + ((1vw - 3.2px) * 0.772), 30px);\"><a href=\"https:\/\/evolu-bianca-and-co.com\/?page_id=420\" data-type=\"page\" data-id=\"420\">Les petits compagnons -&gt;<\/a><\/p>\n<\/div>\n<\/div>\n<\/div>\n\n\n\n<div class=\"wp-block-column is-layout-flow wp-block-column-is-layout-flow\"><div style=\"aspect-ratio:auto;min-height:unset;\" class=\"wp-block-cover is-light has-aspect-ratio plover-entrance-animated plover-invisible\" data-entrance-animation=\"fadeInUp\">\n<img loading=\"lazy\" decoding=\"async\" width=\"1414\" height=\"2000\" class=\"wp-block-cover__image-background wp-image-2094 size-full\" alt=\"\" src=\"http:\/\/evolu-bianca-and-co.com\/wp-content\/uploads\/2025\/10\/IMG_1950.png\" data-object-fit=\"cover\" srcset=\"https:\/\/evolu-bianca-and-co.com\/wp-content\/uploads\/2025\/10\/IMG_1950.png 1414w, https:\/\/evolu-bianca-and-co.com\/wp-content\/uploads\/2025\/10\/IMG_1950-212x300.png 212w, https:\/\/evolu-bianca-and-co.com\/wp-content\/uploads\/2025\/10\/IMG_1950-724x1024.png 724w\" sizes=\"auto, (max-width: 1414px) 100vw, 1414px\" \/><span aria-hidden=\"true\" class=\"wp-block-cover__background has-background-dim-0 has-background-dim\" style=\"background-color:#b1f0de\"><\/span><div class=\"wp-block-cover__inner-container has-global-padding is-layout-constrained wp-container-core-cover-is-layout-e0362495 wp-block-cover-is-layout-constrained\">\n<p class=\"has-text-align-center has-foreground-color has-text-color has-link-color wp-elements-cc9e31b91d6335b520d3e4b46fab78eb\" style=\"font-size:clamp(18.959px, 1.185rem + ((1vw - 3.2px) * 0.772), 30px);\"><a href=\"https:\/\/evolu-bianca-and-co.com\/?page_id=175\" data-type=\"page\" data-id=\"175\">Que fais-je ? -&gt;<\/a><\/p>\n<\/div>\n<\/div>\n<\/div>\n\n\n\n<div class=\"wp-block-column is-layout-flow wp-block-column-is-layout-flow\"><div style=\"aspect-ratio:auto;min-height:unset;\" class=\"wp-block-cover is-light has-aspect-ratio plover-entrance-animated plover-invisible\" data-entrance-animation=\"fadeInUp\">\n<img loading=\"lazy\" decoding=\"async\" width=\"724\" height=\"1024\" class=\"wp-block-cover__image-background wp-image-2086 size-large\" alt=\"\" src=\"http:\/\/evolu-bianca-and-co.com\/wp-content\/uploads\/2025\/10\/IMG_1949-724x1024.png\" data-object-fit=\"cover\" srcset=\"https:\/\/evolu-bianca-and-co.com\/wp-content\/uploads\/2025\/10\/IMG_1949-724x1024.png 724w, https:\/\/evolu-bianca-and-co.com\/wp-content\/uploads\/2025\/10\/IMG_1949-212x300.png 212w, https:\/\/evolu-bianca-and-co.com\/wp-content\/uploads\/2025\/10\/IMG_1949.png 1415w\" sizes=\"auto, (max-width: 724px) 100vw, 724px\" \/><span aria-hidden=\"true\" class=\"wp-block-cover__background has-background-dim-0 has-background-dim\" style=\"background-color:#e7e8eb\"><\/span><div class=\"wp-block-cover__inner-container has-global-padding is-layout-constrained wp-container-core-cover-is-layout-d57e6e01 wp-block-cover-is-layout-constrained\">\n<p class=\"has-text-align-center has-foreground-color has-text-color has-link-color wp-elements-6b7e8a961f9286f5484360661e4b2eb4\" style=\"font-size:clamp(18.959px, 1.185rem + ((1vw - 3.2px) * 0.772), 30px);\"><a href=\"https:\/\/evolu-bianca-and-co.com\/?page_id=27\" data-type=\"page\" data-id=\"27\">Contactez-moi -&gt;<\/a><\/p>\n<\/div>\n<\/div>\n<\/div>\n<\/div>\n\n\n\n<p><\/p>\n","protected":false},"excerpt":{"rendered":"<p>Tino Olympe Quimbaya Shataigne Ils sont \u00e0 la fois mes partenaires de travail et mes compagnons de vie, autant vous dire que nous nous connaissons plus que bien ! Peut-\u00eatre m\u00eame qu\u2019ils me connaissent mieux que je ne les connais moi-m\u00eame. Je pourrais passer des heures \u00e0 vous raconter leur histoire, les valeurs qu\u2019ils incarnent, &hellip; <\/p>\n<p class=\"link-more\"><a href=\"https:\/\/evolu-bianca-and-co.com\/?page_id=414\" class=\"more-link\">Lire la suite de<span class=\"screen-reader-text\">\u00ab\u00a0Mon \u00e9quipe\u00a0\u00bb<\/span><\/a><\/p>\n","protected":false},"author":1,"featured_media":154,"parent":0,"menu_order":0,"comment_status":"closed","ping_status":"closed","template":"","meta":{"footnotes":""},"class_list":["post-414","page","type-page","status-publish","has-post-thumbnail","hentry"],"_links":{"self":[{"href":"https:\/\/evolu-bianca-and-co.com\/index.php?rest_route=\/wp\/v2\/pages\/414","targetHints":{"allow":["GET"]}}],"collection":[{"href":"https:\/\/evolu-bianca-and-co.com\/index.php?rest_route=\/wp\/v2\/pages"}],"about":[{"href":"https:\/\/evolu-bianca-and-co.com\/index.php?rest_route=\/wp\/v2\/types\/page"}],"author":[{"embeddable":true,"href":"https:\/\/evolu-bianca-and-co.com\/index.php?rest_route=\/wp\/v2\/users\/1"}],"replies":[{"embeddable":true,"href":"https:\/\/evolu-bianca-and-co.com\/index.php?rest_route=%2Fwp%2Fv2%2Fcomments&post=414"}],"version-history":[{"count":54,"href":"https:\/\/evolu-bianca-and-co.com\/index.php?rest_route=\/wp\/v2\/pages\/414\/revisions"}],"predecessor-version":[{"id":2198,"href":"https:\/\/evolu-bianca-and-co.com\/index.php?rest_route=\/wp\/v2\/pages\/414\/revisions\/2198"}],"wp:featuredmedia":[{"embeddable":true,"href":"https:\/\/evolu-bianca-and-co.com\/index.php?rest_route=\/wp\/v2\/media\/154"}],"wp:attachment":[{"href":"https:\/\/evolu-bianca-and-co.com\/index.php?rest_route=%2Fwp%2Fv2%2Fmedia&parent=414"}],"curies":[{"name":"wp","href":"https:\/\/api.w.org\/{rel}","templated":true}]}}