{"id":418,"date":"2025-10-05T13:50:13","date_gmt":"2025-10-05T13:50:13","guid":{"rendered":"https:\/\/evolu-bianca-and-co.com\/?page_id=418"},"modified":"2025-12-27T12:25:22","modified_gmt":"2025-12-27T12:25:22","slug":"ma-maison","status":"publish","type":"page","link":"https:\/\/evolu-bianca-and-co.com\/?page_id=418","title":{"rendered":"La maison"},"content":{"rendered":"\n<div class=\"wp-block-columns is-layout-flex wp-container-core-columns-is-layout-28f84493 wp-block-columns-is-layout-flex\">\n<div class=\"wp-block-column is-layout-flow wp-block-column-is-layout-flow\"><h1 class=\"wp-block-heading has-text-align-center has-primary-color has-text-color has-link-color wp-elements-51266e82d3842bb83c7efe0e4f52f1c8\" id=\"10-la-place-53170-le-bignon-du-maine\">10 <strong>La<\/strong> <strong>Place<\/strong> 53170 Le Bignon du Maine<\/h1>\n<\/div>\n<\/div>\n\n\n\n<div class=\"wp-block-columns is-layout-flex wp-container-core-columns-is-layout-28f84493 wp-block-columns-is-layout-flex\">\n<div class=\"wp-block-column is-layout-flow wp-block-column-is-layout-flow\"><p class=\"has-text-align-center has-foreground-color has-text-color has-link-color has-medium-font-size wp-elements-79c449c07d1ecd4884a3371b5705bb6e plover-entrance-animated plover-invisible\" data-entrance-animation=\"fadeInUp\">Les&nbsp;<strong>murs de cette maison<\/strong>&nbsp;sont t&eacute;moins de nombreuses histoires, toutes uniques. Ils ont entendu les&nbsp;<strong>rires et les silences<\/strong>, ressenti les&nbsp;<strong>amours sinc&egrave;res<\/strong>, les&nbsp;<strong>fatigues du quotidien<\/strong>, les&nbsp;<strong>maladies travers&eacute;es<\/strong> et les&nbsp;<strong>espoirs perdus et renaissants<\/strong>. Ils ont vu le&nbsp;<strong>nouveau-n&eacute; pousser ses premiers cris<\/strong>&nbsp;dans la chambre de ses parents,&nbsp;<strong>l&rsquo;adolescent ranger le foin &agrave; bout de souffle<\/strong>, et&nbsp;<strong>le grand-p&egrave;re silencieux devant le feu<\/strong>&nbsp;en regardant jouer ses petits-enfants.<\/p>\n<\/div>\n<\/div>\n\n\n\n<div class=\"wp-block-columns is-layout-flex wp-container-core-columns-is-layout-28f84493 wp-block-columns-is-layout-flex\">\n<div class=\"wp-block-column is-layout-flow wp-block-column-is-layout-flow\"><p class=\"has-text-align-center has-foreground-color has-text-color has-link-color has-medium-font-size wp-elements-f831a6e74e243f3cae090bc52bdddb15 plover-entrance-animated plover-invisible\" data-entrance-animation=\"fadeInUp\">Ils ont connu les&nbsp;<strong>disputes, <\/strong>les<strong> non-dits, <\/strong>les<strong> r&eacute;conciliations<\/strong>, les <strong>absences<\/strong> et gardent la m&eacute;moire de tous ces instants &mdash; de la&nbsp;<strong>vie <\/strong>comme de la&nbsp;<strong>mort<\/strong>, des passages humains et animaux. Comme beaucoup de maisons, me direz-vous &mdash; mais celle-ci porte en elle une &acirc;me propre que j&rsquo;ai eu la chance de rencontrer<\/p>\n<\/div>\n<\/div>\n\n\n\n<div class=\"wp-block-columns is-layout-flex wp-container-core-columns-is-layout-28f84493 wp-block-columns-is-layout-flex\">\n<div class=\"wp-block-column is-layout-flow wp-block-column-is-layout-flow\"><p class=\"has-text-align-center has-foreground-color has-text-color has-link-color has-medium-font-size wp-elements-9528ada35a4c27f5ecdb9313d0cdcbad plover-entrance-animated plover-invisible\" data-entrance-animation=\"fadeInUp\">C&rsquo;est pourquoi je souhaite mettre &agrave; l&rsquo;honneur&nbsp;<strong>cette maison o&ugrave; j&rsquo;ai grandi<\/strong> et qui m&rsquo;a permis d&rsquo;acc&eacute;der &agrave; des morceaux de sa m&eacute;moire. Elle est ce souffle vivant qui accompagne et transforme ceux qui y habitent. Elle est&nbsp;<strong>t&eacute;moin de ma propre transformation<\/strong>, en parall&egrave;le de la sienne. Nous pensons choisir nos maisons, mais ce sont elles qui&nbsp;<strong>nous appellent<\/strong>. Et cela a &eacute;t&eacute; le cas pour moi : en 2024, j&rsquo;ai ressenti&nbsp;<strong>son appel<\/strong> inattendu.<\/p>\n<\/div>\n<\/div>\n\n\n\n<div class=\"wp-block-columns is-layout-flex wp-container-core-columns-is-layout-28f84493 wp-block-columns-is-layout-flex\">\n<div class=\"wp-block-column is-layout-flow wp-block-column-is-layout-flow\"><p class=\"has-text-align-center has-foreground-color has-text-color has-link-color has-medium-font-size wp-elements-8b12f895a8d34c069e746e1993f26f58 plover-entrance-animated plover-invisible\" data-entrance-animation=\"fadeInUp\">Cette maison a toujours inspir&eacute; un&nbsp;<strong>attachement profond<\/strong>&nbsp;&agrave; ceux qui l&rsquo;ont habit&eacute;e. Beaucoup de familles qui y ont v&eacute;cu se sont senties&nbsp;<strong>prot&eacute;g&eacute;es et soutenues<\/strong>&nbsp;par elle, notamment durant la Seconde Guerre Mondiale. Aujourd&rsquo;hui, je suis&nbsp;<strong>pleine de gratitude<\/strong>&nbsp;d&rsquo;&ecirc;tre devenue &agrave; mon tour la&nbsp;<strong>gardienne<\/strong>&nbsp;de cette maison, pour continuer de la faire vivre, honorer son histoire et veiller &agrave; ce qu&rsquo;elle puisse offrir&nbsp;<strong>stabilit&eacute;, s&eacute;curit&eacute; et joie<\/strong>&nbsp;&agrave; ceux qui franchissent son seuil.<\/p>\n<\/div>\n<\/div>\n\n\n\n<div class=\"wp-block-columns is-layout-flex wp-container-core-columns-is-layout-28f84493 wp-block-columns-is-layout-flex\">\n<div class=\"wp-block-column is-layout-flow wp-block-column-is-layout-flow\"><p class=\"has-text-align-center has-foreground-color has-text-color has-link-color has-medium-font-size wp-elements-967e6e41aa405d1b9b749af6e40fc5a4 plover-entrance-animated plover-invisible\" data-entrance-animation=\"fadeInUp\">Lorsque je suis arriv&eacute;e, <em>La Place<\/em> &eacute;tait&nbsp;<strong>inhabit&eacute;e depuis deux ans<\/strong>. Depuis, nous &oelig;uvrons ensemble : je prends soin de sa mati&egrave;re et de son &eacute;nergie, et elle&nbsp;<strong>m&rsquo;accompagne dans mon chemin int&eacute;rieur<\/strong>.&nbsp;<strong>C&rsquo;est un travail commun<\/strong>, une relation vivante de soin mutuel, o&ugrave; nos transformations respectives se nourrissent l&rsquo;une de l&rsquo;autre.<\/p>\n<\/div>\n<\/div>\n\n\n\n<p class=\"has-text-align-center has-foreground-color has-text-color has-link-color has-medium-font-size wp-elements-79454a6b015bc141e21d776c655ae15f\">Cette maison n\u2019est pas seulement un lieu : elle est&nbsp;<strong>un compagnon de vie<\/strong>, un espace&nbsp;<strong>vivant et sensible<\/strong>, o\u00f9 le pass\u00e9 et le pr\u00e9sent se rencontrent, o\u00f9 l\u2019histoire se transforme et o\u00f9 la vie peut&nbsp;<strong>se d\u00e9ployer pleinement<\/strong>. Son \u00e2me propre vibre, respire et offre \u00e0 tous ceux qui l\u2019habitent un&nbsp;<strong>refuge d\u2019ancrage, de protection et de renouveau<\/strong>.<\/p>\n\n\n\n<hr class=\"wp-block-separator has-alpha-channel-opacity\"\/>\n\n\n\n<div class=\"wp-block-columns is-layout-flex wp-container-core-columns-is-layout-28f84493 wp-block-columns-is-layout-flex\">\n<div class=\"wp-block-column is-layout-flow wp-block-column-is-layout-flow\"><div style=\"aspect-ratio:auto;min-height:unset;\" class=\"wp-block-cover is-light has-aspect-ratio plover-entrance-animated plover-invisible\" data-entrance-animation=\"fadeInUp\">\n<img loading=\"lazy\" decoding=\"async\" width=\"2000\" height=\"1200\" class=\"wp-block-cover__image-background wp-image-2158 size-full\" alt=\"\" src=\"http:\/\/evolu-bianca-and-co.com\/wp-content\/uploads\/2025\/11\/IMG_2031.png\" data-object-fit=\"cover\" srcset=\"https:\/\/evolu-bianca-and-co.com\/wp-content\/uploads\/2025\/11\/IMG_2031.png 2000w, https:\/\/evolu-bianca-and-co.com\/wp-content\/uploads\/2025\/11\/IMG_2031-300x180.png 300w, https:\/\/evolu-bianca-and-co.com\/wp-content\/uploads\/2025\/11\/IMG_2031-1024x614.png 1024w\" sizes=\"auto, (max-width: 2000px) 100vw, 2000px\" \/><span aria-hidden=\"true\" class=\"wp-block-cover__background has-background-dim-0 has-background-dim\" style=\"background-color:#9ac2c8\"><\/span><div class=\"wp-block-cover__inner-container has-global-padding is-layout-constrained wp-container-core-cover-is-layout-0633b927 wp-block-cover-is-layout-constrained\">\n<p class=\"has-text-align-center has-foreground-color has-text-color has-link-color wp-elements-6c8a667d6b1c5a494c705a73e2a4e52e\" style=\"font-size:clamp(18.434px, 1.152rem + ((1vw - 3.2px) * 0.739), 29px);\"><a href=\"https:\/\/evolu-bianca-and-co.com\/\"><strong>Accueil -&gt;<\/strong><\/a><\/p>\n<\/div>\n<\/div>\n<\/div>\n\n\n\n<div class=\"wp-block-column is-layout-flow wp-block-column-is-layout-flow\"><div class=\"wp-block-cover is-light has-aspect-ratio plover-entrance-animated plover-invisible\" style=\"margin-top:0;margin-bottom:0;font-size:clamp(20.515px, 1.282rem + ((1vw - 3.2px) * 0.873), 33px);aspect-ratio:auto;min-height:unset;\" data-entrance-animation=\"fadeInUp\">\n<img loading=\"lazy\" decoding=\"async\" width=\"1414\" height=\"2000\" class=\"wp-block-cover__image-background wp-image-2094 size-full\" alt=\"\" src=\"http:\/\/evolu-bianca-and-co.com\/wp-content\/uploads\/2025\/10\/IMG_1950.png\" data-object-fit=\"cover\" srcset=\"https:\/\/evolu-bianca-and-co.com\/wp-content\/uploads\/2025\/10\/IMG_1950.png 1414w, https:\/\/evolu-bianca-and-co.com\/wp-content\/uploads\/2025\/10\/IMG_1950-212x300.png 212w, https:\/\/evolu-bianca-and-co.com\/wp-content\/uploads\/2025\/10\/IMG_1950-724x1024.png 724w\" sizes=\"auto, (max-width: 1414px) 100vw, 1414px\" \/><span aria-hidden=\"true\" class=\"wp-block-cover__background has-background-dim-0 has-background-dim\" style=\"background-color:#b1f0de\"><\/span><div class=\"wp-block-cover__inner-container has-global-padding is-layout-constrained wp-block-cover-is-layout-constrained\">\n<p class=\"has-text-align-center has-foreground-color has-text-color has-link-color wp-elements-3a3439aeeb2be81dddf3ffc0c99d62a5\" style=\"font-size:clamp(18.434px, 1.152rem + ((1vw - 3.2px) * 0.739), 29px);\"><a href=\"https:\/\/evolu-bianca-and-co.com\/?page_id=175\" data-type=\"page\" data-id=\"175\">Que fais-je ? -&gt;<\/a><\/p>\n<\/div>\n<\/div>\n<\/div>\n\n\n\n<div class=\"wp-block-column is-layout-flow wp-block-column-is-layout-flow\"><div style=\"aspect-ratio:auto;min-height:unset;\" class=\"wp-block-cover is-light has-aspect-ratio plover-entrance-animated plover-invisible\" data-entrance-animation=\"fadeInUp\">\n<img loading=\"lazy\" decoding=\"async\" width=\"724\" height=\"1024\" class=\"wp-block-cover__image-background wp-image-2086 size-large\" alt=\"\" src=\"http:\/\/evolu-bianca-and-co.com\/wp-content\/uploads\/2025\/10\/IMG_1949-724x1024.png\" data-object-fit=\"cover\" srcset=\"https:\/\/evolu-bianca-and-co.com\/wp-content\/uploads\/2025\/10\/IMG_1949-724x1024.png 724w, https:\/\/evolu-bianca-and-co.com\/wp-content\/uploads\/2025\/10\/IMG_1949-212x300.png 212w, https:\/\/evolu-bianca-and-co.com\/wp-content\/uploads\/2025\/10\/IMG_1949.png 1415w\" sizes=\"auto, (max-width: 724px) 100vw, 724px\" \/><span aria-hidden=\"true\" class=\"wp-block-cover__background has-background-dim-0 has-background-dim\" style=\"background-color:#e7e8eb\"><\/span><div class=\"wp-block-cover__inner-container has-global-padding is-layout-constrained wp-block-cover-is-layout-constrained\">\n<p class=\"has-text-align-center has-foreground-color has-text-color has-link-color wp-elements-a970bb69ad947d0d94fe5ad15b732de5\" style=\"font-size:clamp(18.434px, 1.152rem + ((1vw - 3.2px) * 0.739), 29px);\"><a href=\"https:\/\/evolu-bianca-and-co.com\/?page_id=27\" data-type=\"page\" data-id=\"27\">Contactez-moi -&gt;<\/a><\/p>\n<\/div>\n<\/div>\n<\/div>\n<\/div>\n\n\n\n<p><\/p>\n","protected":false},"excerpt":{"rendered":"<p>10 La Place 53170 Le Bignon du Maine Les&nbsp;murs de cette maison&nbsp;sont t&eacute;moins de nombreuses histoires, toutes uniques. Ils ont entendu les&nbsp;rires et les silences, ressenti les&nbsp;amours sinc&egrave;res, les&nbsp;fatigues du quotidien, les&nbsp;maladies travers&eacute;es et les&nbsp;espoirs perdus et renaissants. Ils ont vu le&nbsp;nouveau-n&eacute; pousser ses premiers cris&nbsp;dans la chambre de ses parents,&nbsp;l&rsquo;adolescent ranger le foin &agrave; &hellip; <\/p>\n<p class=\"link-more\"><a href=\"https:\/\/evolu-bianca-and-co.com\/?page_id=418\" class=\"more-link\">Lire la suite de<span class=\"screen-reader-text\">\u00ab\u00a0La maison\u00a0\u00bb<\/span><\/a><\/p>\n","protected":false},"author":1,"featured_media":2230,"parent":0,"menu_order":0,"comment_status":"closed","ping_status":"closed","template":"","meta":{"footnotes":""},"class_list":["post-418","page","type-page","status-publish","has-post-thumbnail","hentry"],"_links":{"self":[{"href":"https:\/\/evolu-bianca-and-co.com\/index.php?rest_route=\/wp\/v2\/pages\/418","targetHints":{"allow":["GET"]}}],"collection":[{"href":"https:\/\/evolu-bianca-and-co.com\/index.php?rest_route=\/wp\/v2\/pages"}],"about":[{"href":"https:\/\/evolu-bianca-and-co.com\/index.php?rest_route=\/wp\/v2\/types\/page"}],"author":[{"embeddable":true,"href":"https:\/\/evolu-bianca-and-co.com\/index.php?rest_route=\/wp\/v2\/users\/1"}],"replies":[{"embeddable":true,"href":"https:\/\/evolu-bianca-and-co.com\/index.php?rest_route=%2Fwp%2Fv2%2Fcomments&post=418"}],"version-history":[{"count":50,"href":"https:\/\/evolu-bianca-and-co.com\/index.php?rest_route=\/wp\/v2\/pages\/418\/revisions"}],"predecessor-version":[{"id":2159,"href":"https:\/\/evolu-bianca-and-co.com\/index.php?rest_route=\/wp\/v2\/pages\/418\/revisions\/2159"}],"wp:featuredmedia":[{"embeddable":true,"href":"https:\/\/evolu-bianca-and-co.com\/index.php?rest_route=\/wp\/v2\/media\/2230"}],"wp:attachment":[{"href":"https:\/\/evolu-bianca-and-co.com\/index.php?rest_route=%2Fwp%2Fv2%2Fmedia&parent=418"}],"curies":[{"name":"wp","href":"https:\/\/api.w.org\/{rel}","templated":true}]}}