{"id":420,"date":"2025-10-05T13:51:24","date_gmt":"2025-10-05T13:51:24","guid":{"rendered":"https:\/\/evolu-bianca-and-co.com\/?page_id=420"},"modified":"2025-11-27T15:48:49","modified_gmt":"2025-11-27T15:48:49","slug":"les-petits-compagnons","status":"publish","type":"page","link":"https:\/\/evolu-bianca-and-co.com\/?page_id=420","title":{"rendered":"Les petits compagnons"},"content":{"rendered":"\n<div class=\"wp-block-columns is-layout-flex wp-container-core-columns-is-layout-28f84493 wp-block-columns-is-layout-flex\">\n<div class=\"wp-block-column is-layout-flow wp-block-column-is-layout-flow\"><figure class=\"wp-block-image size-large is-style-rounded plover-entrance-animated plover-invisible\" data-entrance-animation=\"fadeInUp\"><img loading=\"lazy\" decoding=\"async\" width=\"1024\" height=\"1024\" src=\"https:\/\/evolu-bianca-and-co.com\/wp-content\/uploads\/2025\/10\/IMG_1251-1024x1024.jpeg\" alt=\"\" class=\"wp-image-483\" style=\"aspect-ratio:4\/3;object-fit:cover\" srcset=\"https:\/\/evolu-bianca-and-co.com\/wp-content\/uploads\/2025\/10\/IMG_1251-1024x1024.jpeg 1024w, https:\/\/evolu-bianca-and-co.com\/wp-content\/uploads\/2025\/10\/IMG_1251-300x300.jpeg 300w, https:\/\/evolu-bianca-and-co.com\/wp-content\/uploads\/2025\/10\/IMG_1251-150x150.jpeg 150w, https:\/\/evolu-bianca-and-co.com\/wp-content\/uploads\/2025\/10\/IMG_1251-2000x2000.jpeg 2000w\" sizes=\"auto, (max-width: 1024px) 100vw, 1024px\" \/><\/figure>\n\n\n\n<p class=\"has-text-align-center has-foreground-color has-text-color has-link-color has-large-font-size wp-elements-4f758a2f549022dd28e02cf299d511cd\"><strong>Capu<\/strong><\/p>\n\n\n<p class=\"has-text-align-center has-foreground-color has-background-background-color has-text-color has-background has-link-color has-medium-font-size wp-elements-c17dc32e76e1a725c994a30c03fdbb6c plover-entrance-animated plover-invisible\" data-entrance-animation=\"fadeInUp\">Capu est la princesse des lieux que vous pourrez avoir le plaisir de croiser. Toujours preneuse d&rsquo;une caresse si cela est propos&eacute;e avec d&eacute;licatesse. <\/p>\n<\/div>\n\n\n\n<div class=\"wp-block-column is-layout-flow wp-block-column-is-layout-flow\"><figure class=\"wp-block-image size-large is-style-rounded plover-entrance-animated plover-invisible\" data-entrance-animation=\"fadeInUp\"><img loading=\"lazy\" decoding=\"async\" width=\"1024\" height=\"771\" src=\"http:\/\/evolu-bianca-and-co.com\/wp-content\/uploads\/2025\/11\/e8cbd112-e2dc-4d4c-b2b8-68791f66b481-1024x771.jpeg\" alt=\"\" class=\"wp-image-2120\" srcset=\"https:\/\/evolu-bianca-and-co.com\/wp-content\/uploads\/2025\/11\/e8cbd112-e2dc-4d4c-b2b8-68791f66b481-1024x771.jpeg 1024w, https:\/\/evolu-bianca-and-co.com\/wp-content\/uploads\/2025\/11\/e8cbd112-e2dc-4d4c-b2b8-68791f66b481-300x226.jpeg 300w, https:\/\/evolu-bianca-and-co.com\/wp-content\/uploads\/2025\/11\/e8cbd112-e2dc-4d4c-b2b8-68791f66b481-2000x1506.jpeg 2000w\" sizes=\"auto, (max-width: 1024px) 100vw, 1024px\" \/><\/figure>\n\n\n\n<p class=\"has-text-align-center has-foreground-color has-text-color has-link-color has-large-font-size wp-elements-c72e0194a55dfa7e7d24b601f4eae28d\"><strong>H\u00e9lios<\/strong><\/p>\n\n\n<p class=\"has-text-align-center has-foreground-color has-background-background-color has-text-color has-background has-link-color has-medium-font-size wp-elements-aa44869d22d148548356b557523238d8 plover-entrance-animated plover-invisible\" data-entrance-animation=\"fadeInUp\">Grand gardien de la maison, il prend son r&ocirc;le tr&egrave;s &agrave; c&oelig;ur. Un peu timide au premier abord, il se r&eacute;v&egrave;le ensuite comme l&rsquo;incarnation m&ecirc;me de la joie et du jeu. Compagnon fid&egrave;le et d&eacute;vou&eacute;, il est toujours pr&ecirc;t &agrave; rendre service &mdash; surtout s&rsquo;il y a de la nourriture &agrave; la cl&eacute; !<\/p>\n<\/div>\n\n\n\n<div class=\"wp-block-column is-layout-flow wp-block-column-is-layout-flow\"><figure class=\"wp-block-image size-large is-style-rounded plover-entrance-animated plover-invisible\" data-entrance-animation=\"fadeInUp\"><img loading=\"lazy\" decoding=\"async\" width=\"1024\" height=\"1024\" src=\"https:\/\/evolu-bianca-and-co.com\/wp-content\/uploads\/2025\/10\/IMG_1253-1024x1024.jpeg\" alt=\"\" class=\"wp-image-486\" style=\"aspect-ratio:4\/3;object-fit:cover\" srcset=\"https:\/\/evolu-bianca-and-co.com\/wp-content\/uploads\/2025\/10\/IMG_1253-1024x1024.jpeg 1024w, https:\/\/evolu-bianca-and-co.com\/wp-content\/uploads\/2025\/10\/IMG_1253-300x300.jpeg 300w, https:\/\/evolu-bianca-and-co.com\/wp-content\/uploads\/2025\/10\/IMG_1253-150x150.jpeg 150w, https:\/\/evolu-bianca-and-co.com\/wp-content\/uploads\/2025\/10\/IMG_1253-2000x2000.jpeg 2000w\" sizes=\"auto, (max-width: 1024px) 100vw, 1024px\" \/><\/figure>\n\n\n\n<p class=\"has-text-align-center has-foreground-color has-text-color has-link-color has-large-font-size wp-elements-865403d68362071e192e29c603a4f994\"><strong>Fifi<\/strong><\/p>\n\n\n\n<p class=\"has-text-align-center has-foreground-color has-background-background-color has-text-color has-background has-link-color has-medium-font-size wp-elements-4c66999fadc7b9b0d83da4d8cec8c233\"><em>Fifi, la meneuse de la maison. Un commun accord s\u2019impose : ne jamais venir la d\u00e9ranger. Toujours discr\u00e8te, elle appr\u00e9cie sa tranquillit\u00e9 et assume avec assurance son r\u00f4le de doyenne.<\/em><br><strong>Fifi a rejoint la ciel ce novembre 2025. Elle restera \u00e0 nos c\u00f4t\u00e9s diff\u00e9remment maintenant.<\/strong><\/p>\n<\/div>\n<\/div>\n\n\n<div class=\"wp-block-cover is-light plover-entrance-animated plover-invisible\" data-entrance-animation=\"fadeInUp\">\n<img loading=\"lazy\" decoding=\"async\" width=\"1600\" height=\"1143\" class=\"wp-block-cover__image-background wp-image-2005 size-full\" alt=\"\" src=\"https:\/\/evolu-bianca-and-co.com\/wp-content\/uploads\/2025\/10\/IMG_1931-1.png\" data-object-fit=\"cover\" srcset=\"https:\/\/evolu-bianca-and-co.com\/wp-content\/uploads\/2025\/10\/IMG_1931-1.png 1600w, https:\/\/evolu-bianca-and-co.com\/wp-content\/uploads\/2025\/10\/IMG_1931-1-300x214.png 300w, https:\/\/evolu-bianca-and-co.com\/wp-content\/uploads\/2025\/10\/IMG_1931-1-1024x732.png 1024w\" sizes=\"auto, (max-width: 1600px) 100vw, 1600px\" \/><span aria-hidden=\"true\" class=\"wp-block-cover__background has-background-dim-0 has-background-dim\" style=\"background-color:#d9d9d9\"><\/span><div class=\"wp-block-cover__inner-container has-global-padding is-layout-constrained wp-block-cover-is-layout-constrained\">\n<p class=\"has-text-align-center has-foreground-color has-text-color has-link-color has-large-font-size wp-elements-4ab956dee8eef908f950d3c5bb184885\">La maison accueille &eacute;galement de nombreux petits compagnons plus discrets : poules d&rsquo;eau, canards, ragondins, h&eacute;rons, renards, h&eacute;rissons, souris, araign&eacute;es, et une multitude d&rsquo;oiseaux de toutes sortes. Chacun, &agrave; sa mani&egrave;re, contribue &agrave; la vie du lieu tout en profitant de sa s&eacute;curit&eacute; et de sa tranquillit&eacute;.<\/p>\n<\/div>\n<\/div>\n\n\n\n<hr class=\"wp-block-separator has-alpha-channel-opacity\"\/>\n\n\n\n<div class=\"wp-block-columns is-layout-flex wp-container-core-columns-is-layout-28f84493 wp-block-columns-is-layout-flex\">\n<div class=\"wp-block-column is-layout-flow wp-block-column-is-layout-flow\"><div style=\"aspect-ratio:auto;min-height:unset;\" class=\"wp-block-cover is-light has-foreground-color has-text-color has-link-color wp-elements-883e945c9e7a9c2977544705764f0075 has-aspect-ratio plover-entrance-animated plover-invisible\" data-entrance-animation=\"fadeInUp\">\n<img loading=\"lazy\" decoding=\"async\" width=\"724\" height=\"1024\" class=\"wp-block-cover__image-background wp-image-2098 size-large\" alt=\"\" src=\"http:\/\/evolu-bianca-and-co.com\/wp-content\/uploads\/2025\/10\/IMG_1952-724x1024.png\" data-object-fit=\"cover\" srcset=\"https:\/\/evolu-bianca-and-co.com\/wp-content\/uploads\/2025\/10\/IMG_1952-724x1024.png 724w, https:\/\/evolu-bianca-and-co.com\/wp-content\/uploads\/2025\/10\/IMG_1952-212x300.png 212w, https:\/\/evolu-bianca-and-co.com\/wp-content\/uploads\/2025\/10\/IMG_1952.png 1414w\" sizes=\"auto, (max-width: 724px) 100vw, 724px\" \/><span aria-hidden=\"true\" class=\"wp-block-cover__background has-background-dim-0 has-background-dim\" style=\"background-color:#fee2b2\"><\/span><div class=\"wp-block-cover__inner-container has-global-padding is-layout-constrained wp-block-cover-is-layout-constrained\">\n<p class=\"has-text-align-center has-large-font-size\"><a href=\"https:\/\/evolu-bianca-and-co.com\/?page_id=418\" data-type=\"page\" data-id=\"418\">Ma maison -&gt;<\/a><\/p>\n<\/div>\n<\/div>\n<\/div>\n\n\n\n<div class=\"wp-block-column is-layout-flow wp-block-column-is-layout-flow\"><div style=\"aspect-ratio:auto;min-height:unset;\" class=\"wp-block-cover is-light has-foreground-color has-text-color has-link-color wp-elements-1fe3d2100c9206d2ac1163b46ff3b933 has-aspect-ratio plover-entrance-animated plover-invisible\" data-entrance-animation=\"fadeInUp\">\n<img loading=\"lazy\" decoding=\"async\" width=\"724\" height=\"1024\" class=\"wp-block-cover__image-background wp-image-2094 size-large\" alt=\"\" src=\"http:\/\/evolu-bianca-and-co.com\/wp-content\/uploads\/2025\/10\/IMG_1950-724x1024.png\" data-object-fit=\"cover\" srcset=\"https:\/\/evolu-bianca-and-co.com\/wp-content\/uploads\/2025\/10\/IMG_1950-724x1024.png 724w, https:\/\/evolu-bianca-and-co.com\/wp-content\/uploads\/2025\/10\/IMG_1950-212x300.png 212w, https:\/\/evolu-bianca-and-co.com\/wp-content\/uploads\/2025\/10\/IMG_1950.png 1414w\" sizes=\"auto, (max-width: 724px) 100vw, 724px\" \/><span aria-hidden=\"true\" class=\"wp-block-cover__background has-background-dim-0 has-background-dim\" style=\"background-color:#b1f0de\"><\/span><div class=\"wp-block-cover__inner-container has-global-padding is-layout-constrained wp-container-core-cover-is-layout-f0747317 wp-block-cover-is-layout-constrained\">\n<p class=\"has-text-align-center has-large-font-size\"><a href=\"https:\/\/evolu-bianca-and-co.com\/?page_id=175\" data-type=\"page\" data-id=\"175\">Que fais-je ? -&gt;<\/a><\/p>\n<\/div>\n<\/div>\n<\/div>\n\n\n\n<div class=\"wp-block-column is-layout-flow wp-block-column-is-layout-flow\">\n<div style=\"aspect-ratio:auto;min-height:unset;\" class=\"wp-block-cover is-light has-aspect-ratio\"><img loading=\"lazy\" decoding=\"async\" width=\"724\" height=\"1024\" class=\"wp-block-cover__image-background wp-image-2086 size-large\" alt=\"\" src=\"http:\/\/evolu-bianca-and-co.com\/wp-content\/uploads\/2025\/10\/IMG_1949-724x1024.png\" data-object-fit=\"cover\" srcset=\"https:\/\/evolu-bianca-and-co.com\/wp-content\/uploads\/2025\/10\/IMG_1949-724x1024.png 724w, https:\/\/evolu-bianca-and-co.com\/wp-content\/uploads\/2025\/10\/IMG_1949-212x300.png 212w, https:\/\/evolu-bianca-and-co.com\/wp-content\/uploads\/2025\/10\/IMG_1949.png 1415w\" sizes=\"auto, (max-width: 724px) 100vw, 724px\" \/><span aria-hidden=\"true\" class=\"wp-block-cover__background has-background-dim-0 has-background-dim\" style=\"background-color:#e7e8eb\"><\/span><div class=\"wp-block-cover__inner-container has-global-padding is-layout-constrained wp-block-cover-is-layout-constrained\">\n<p class=\"has-text-align-center has-foreground-color has-text-color has-link-color has-large-font-size wp-elements-8c581e85861400114dd53062798dd701\"><a href=\"https:\/\/evolu-bianca-and-co.com\/?page_id=27\" data-type=\"page\" data-id=\"27\">Contactez-moi -&gt;<\/a><\/p>\n<\/div><\/div>\n<\/div>\n<\/div>\n\n\n\n<p><\/p>\n","protected":false},"excerpt":{"rendered":"<p>Capu Capu est la princesse des lieux que vous pourrez avoir le plaisir de croiser. Toujours preneuse d&rsquo;une caresse si cela est propos&eacute;e avec d&eacute;licatesse. H\u00e9lios Grand gardien de la maison, il prend son r&ocirc;le tr&egrave;s &agrave; c&oelig;ur. Un peu timide au premier abord, il se r&eacute;v&egrave;le ensuite comme l&rsquo;incarnation m&ecirc;me de la joie et &hellip; <\/p>\n<p class=\"link-more\"><a href=\"https:\/\/evolu-bianca-and-co.com\/?page_id=420\" class=\"more-link\">Lire la suite de<span class=\"screen-reader-text\">\u00ab\u00a0Les petits compagnons\u00a0\u00bb<\/span><\/a><\/p>\n","protected":false},"author":1,"featured_media":433,"parent":0,"menu_order":0,"comment_status":"closed","ping_status":"closed","template":"","meta":{"footnotes":""},"class_list":["post-420","page","type-page","status-publish","has-post-thumbnail","hentry"],"_links":{"self":[{"href":"https:\/\/evolu-bianca-and-co.com\/index.php?rest_route=\/wp\/v2\/pages\/420","targetHints":{"allow":["GET"]}}],"collection":[{"href":"https:\/\/evolu-bianca-and-co.com\/index.php?rest_route=\/wp\/v2\/pages"}],"about":[{"href":"https:\/\/evolu-bianca-and-co.com\/index.php?rest_route=\/wp\/v2\/types\/page"}],"author":[{"embeddable":true,"href":"https:\/\/evolu-bianca-and-co.com\/index.php?rest_route=\/wp\/v2\/users\/1"}],"replies":[{"embeddable":true,"href":"https:\/\/evolu-bianca-and-co.com\/index.php?rest_route=%2Fwp%2Fv2%2Fcomments&post=420"}],"version-history":[{"count":23,"href":"https:\/\/evolu-bianca-and-co.com\/index.php?rest_route=\/wp\/v2\/pages\/420\/revisions"}],"predecessor-version":[{"id":2201,"href":"https:\/\/evolu-bianca-and-co.com\/index.php?rest_route=\/wp\/v2\/pages\/420\/revisions\/2201"}],"wp:featuredmedia":[{"embeddable":true,"href":"https:\/\/evolu-bianca-and-co.com\/index.php?rest_route=\/wp\/v2\/media\/433"}],"wp:attachment":[{"href":"https:\/\/evolu-bianca-and-co.com\/index.php?rest_route=%2Fwp%2Fv2%2Fmedia&parent=420"}],"curies":[{"name":"wp","href":"https:\/\/api.w.org\/{rel}","templated":true}]}}